ppose 8*y - 3*y = 255. What is the units digit of y?
1
Let q = 15 - 55. What is the tens digit of q/(-10) - (1 - 20)?
2
Let o(m) = -m**3 + 4*m**2 + m + 4. Let s be 21/(-14)*(-8)/3. What is the units digit of o(s)?
8
Let t be 5/((-10)/4)*-2. Suppose -2*z - 3*u + 15 = 0, -t*z + 4*u = -0*u + 20. Suppose 3*q - q = -5*g + 93, -2*g - 2*q + 42 = z. What is the units digit of g?
7
Suppose 7*t = 5*t + 5*o - 25, -2*t - 4 = 2*o. Let w(s) = 7*s - 6. Let z(h) = -15*h + 13. Let k(x) = -9*w(x) - 4*z(x). What is the tens digit of k(t)?
1
What is the units digit of (11 - 1)/(2/41)?
5
Let y(m) = 24*m - 3. Let u(b) = -24*b + 3. Let i(p) = -6*u(p) - 5*y(p). Let v be i(2). What is the units digit of 4/18 + 80/v?
2
Suppose 0 = -3*a - 0*a + 12. Suppose -m + a*m = 102. What is the tens digit of m?
3
Let b(q) be the first derivative of 4*q**3 - q**2 - q - 3. Let p = -4 + 3. What is the units digit of b(p)?
3
Suppose 0 = 5*x - f - 11, 0 = -2*x - f + 7 + 3. Suppose 4*r - 3*u = 345 + 888, -x*r = 4*u - 906. What is the units digit of r/24 + (-6)/8?
2
Let m(n) = 4*n**2 + 2*n. Suppose i + 4*q + 14 = 0, -4*i + 2*q - 3*q = -4. What is the units digit of m(i)?
0
Let q = -4 - -8. Suppose -4*d - n = q*n - 3, d + 3*n = -1. Suppose 2*k - 22 = d*o + 4, 4*k - 61 = -5*o. What is the units digit of k?
4
Suppose -5*s = -9 - 6. What is the units digit of s?
3
What is the hundreds digit of (3 + -18 + 0)*-9?
1
Suppose -3*v = 16 - 136. Suppose -5*m = -5*c - 40, 3*m + 2*c + v = 8*m. What is the units digit of m?
8
Let d = 122 + 67. What is the units digit of d?
9
Suppose 5*c + 192 = 9*c. What is the units digit of c?
8
Let h be 2 + (0 - 2)/1. Suppose a + 5 = -h*a. What is the units digit of (12/10)/((-2)/a)?
3
Let b = -9 + 7. What is the units digit of (b - (2 - 2))*-1?
2
Suppose 8 = 2*m - 8. Let j be -2*(-2)/m*26. Suppose -19 = -2*b + j. What is the units digit of b?
6
Let f = -1 - -10. Let j = 2 + f. What is the tens digit of j?
1
Suppose -2*w + 654 = 4*c, -3*w - 818 = -5*c - 5*w. What is the hundreds digit of c?
1
Let g be 4/10 - (-23)/5. Let a(o) = -o**3 + 6*o**2 - 2*o - 6. What is the units digit of a(g)?
9
Let x(t) = t**3 - 2*t**2 + 1. What is the tens digit of x(3)?
1
Suppose -4*t + 135 = t. What is the units digit of t?
7
Let u = -8 + 8. Suppose -2*x = 5*i - 17 - 8, u = -3*x - 5*i + 30. What is the units digit of x?
5
Let t(k) = -45*k + 2. Let a be t(-2). Suppose 4*b + 0*b - a = 0. What is the units digit of b?
3
Let t(j) = -j**3 - 8*j**2 + 9*j + 3. Let y be t(-9). Let i = 5 - y. Suppose 5*v - 3*d - 60 = 0, -v - i*d = -6*d + 5. What is the units digit of v?
5
Let d(a) = -a**3 + 9*a**2 - 3*a + 2. What is the units digit of d(5)?
7
Let k(o) = 8*o**2 + 5*o - 6. Let f(d) = d - 1. Let n(r) = -5*f(r) + k(r). Suppose -1 = -2*t - 3. What is the units digit of n(t)?
7
Suppose -4*f + 40 = -60. What is the units digit of f?
5
Suppose 0 = -5*o - 3*v + 12 + 3, -4*v + 9 = 3*o. Let s be 948/(-20) - o/5. What is the tens digit of (s/15)/(1/(-5))?
1
Let u = -44 - -55. What is the units digit of u?
1
Suppose c - 103 = a, -3*c - a - 527 = -8*c. What is the tens digit of c?
0
Let o = -11 + 15. Suppose -o*f + 5*u = -128, u = 5*f - u - 143. What is the units digit of f?
7
Let y = -15 + 54. What is the units digit of y?
9
Let z = 16 - 4. Suppose 2*t = z + 10. Suppose -3*o - t = -4*o. What is the units digit of o?
1
Suppose 0 = 4*i - 0*i - 404. What is the tens digit of i?
0
Suppose -2*q = -4*d + 12, -5*q - 8 = d - 33. Suppose -40 = q*g + g. What is the tens digit of (-5*2)/(4/g)?
2
Suppose l + 260 = 5*l. What is the tens digit of l?
6
Let m = -85 - -185. What is the units digit of m?
0
Let i(p) be the second derivative of p**4/4 + 2*p**3/3 - 3*p**2/2 - 3*p. What is the tens digit of i(2)?
1
Suppose -4*s - s + 130 = 0. Let r = 38 - s. What is the tens digit of r?
1
Let r = -62 + 80. What is the units digit of r?
8
Suppose -4*w + 61 = -11. What is the units digit of w?
8
Let t = 13 - 8. Suppose 0 = -2*o + 8, -3*u = -0*u + 5*o - 62. Suppose -u = -t*v + 4*z, 4*v + 4*z + 18 - 58 = 0. What is the units digit of v?
6
Let o be (-1)/(-4) + 636/16. Let r be 16/4 + -2 + -1. Suppose -o + r = -3*c. What is the units digit of c?
3
Let t(u) = 9*u**3 - 2*u**2 + 9*u + 52. Let c(o) = -5*o**3 + o**2 - 5*o - 26. Let f(y) = 11*c(y) + 6*t(y). What is the tens digit of f(0)?
2
Let n(b) = b**3 - 10*b**2 - 3*b - 13. What is the tens digit of n(11)?
7
Let l be (-3)/(27/(-42))*-3. What is the units digit of 6/(-4)*l/3?
7
Let s(l) = l**3 - l**2 - 5*l - 2. Suppose 0*c - 3*c - 28 = -4*a, 0 = -3*a - 3*c. What is the tens digit of s(a)?
2
Let o(u) = 2*u**2 - u - 3. Let f be o(3). Let d = f + -2. What is the tens digit of d?
1
Suppose 3*t - 3*o - 287 - 289 = 0, 576 = 3*t - 4*o. What is the hundreds digit of t?
1
Let s = -121 + 213. What is the units digit of s?
2
Suppose 4*t - 5*s = 59, -3*t + 5*s - 40 = -8*t. What is the tens digit of t?
1
Let w(i) = 81*i**2. Let x be w(-1). Let q = x + -41. What is the units digit of q?
0
Suppose 0 = 9*w - 14*w + 310. What is the units digit of w?
2
Let t be -2*(4 - (2 + 1)). Let b be 18/(-15)*5/t. Suppose 3*o = 3*v + 12, b*o = 3*v + 6*o - 18. What is the units digit of v?
1
Let o be 10/(-25) - 204/(-10). Let g be 1/(((-1)/1)/o). Let c = -11 - g. What is the units digit of c?
9
Let p(s) be the third derivative of -s**4/6 - 13*s**3/6 + 3*s**2. What is the tens digit of p(-9)?
2
Let f(h) be the first derivative of -h**2/2 + h + 3. Let y be f(-1). Suppose y*c - 6*c = -28. What is the units digit of c?
7
What is the units digit of 2/(-7) + (-548)/(-7) + 0?
8
Suppose 34 = 4*c + 5*y - 168, 2*y = 5*c - 269. What is the tens digit of c?
5
Let v be 2 + 35 - (0 - -1). Suppose 2*r = -r + v. What is the units digit of r?
2
Let v = 7 - 5. Suppose -v*r = 2*r - 20. What is the units digit of r?
5
Let t(s) = -s**3 - 7*s**2 - 10*s - 9. What is the tens digit of t(-6)?
1
Let t(r) = r**2 - 8*r - 14. What is the units digit of t(-6)?
0
Let g be 5/((-15)/(-12)) + 0. Let s = g + 0. Suppose 4*w = s - 0. What is the units digit of w?
1
Let f = 12 - -6. What is the units digit of f?
8
Let d = -4 + 11. Suppose -d = -r + 5. Suppose 4*t - 3*b = 16, 3*t - 7*b - r = -2*b. What is the units digit of t?
4
Let z = 50 - 71. Let n = z - -36. What is the tens digit of n?
1
Suppose y + 2*y = 0. Suppose y = -4*k - 5*z + 73, 4*k - 63 = -0*z - 3*z. What is the tens digit of k?
1
Suppose -2*o - 3*a = -24, -3*o + 2*o + 5*a = 1. Let r = o + -5. What is the units digit of r?
4
Let z(r) = r**2 - 7*r + 4. Let y be z(5). Let d(s) = s**2 + 3*s - 7. Let j be d(y). Suppose x - k - j = -4, 0 = -3*x - 4*k - 7. What is the units digit of x?
3
Let n(h) = -27*h + 2. Let q be n(-2). Let f = -29 + q. What is the units digit of f?
7
Let i(y) = -y**3 - 9*y**2 - 8*y + 14. What is the hundreds digit of i(-10)?
1
Suppose 4*s - 25 = -s. Suppose -3*f + 12 = f, -s = -a - f. What is the tens digit of (-16)/a*(-7)/4?
1
Let y = 18 - 13. Suppose 4*r - 104 = d, -56 = -3*r - y*d + 22. What is the units digit of r?
6
Let j(t) = -t**3 + 7*t**2 - 7*t + 6. Let h be j(6). Suppose -4*c + 76 = -h*c. What is the tens digit of c?
1
Let r(j) = j**3 - 4*j**2 + 3*j + 6. Let k be r(4). Let a be (1 + -6)*6/5. Let o = a + k. What is the tens digit of o?
1
Suppose 4*b + 2 = 2*l - 14, -16 = 3*l + 4*b. Let q be (7 + l)*(-1 - -2). Suppose 5*w + q = 42. What is the units digit of w?
7
Let q be 81 - (-5)/(5/(-3)). What is the tens digit of (q/(-3))/(1 - 3)?
1
Suppose 5 = -5*c + 25. What is the units digit of ((-12)/(-18))/(c/78)?
3
Let j(k) = -k**2 + 7*k + 7. Let z be (3 + 0)*7/3. What is the units digit of j(z)?
7
Let f be 2/9 + 195/(-27). What is the units digit of (4/(-5))/(f/35)?
4
What is the units digit of 101*2 + (-5)/(25/5)?
1
Let s(q) = -2*q**2 - 2*q**2 + 2*q**2 + 4 + 3*q - q**3. What is the units digit of s(-3)?
4
Let k(o) = -3*o**2 - o - 1. Let a be k(-1). What is the units digit of (a/(-9))/(2/48)?
8
Let k be 4/5*(-100)/8. What is the units digit of ((-52)/(-10))/((-4)/k)?
3
Let a(d) = d**3 + 6*d**2 + 4. Let b be a(-6). Suppose -b*t + 36 = -2*t. What is the units digit of t?
8
Let d(q) be the third derivative of 0*q + 3*q**2 + 1/6*q**3 + 0 + 1/24*q**4. What is the units digit of d(2)?
3
Let j = -6 + 1. Let g(h) = h + 1. Let s be g(j). Let y = -2 - s. What is the units digit o